termine v(9).
-16
Let c(x) = -132*x + 8314. Determine c(63).
-2
Let d(n) = -n**3 - 12*n**2 - 19*n - 3. Calculate d(-10).
-13
Let z(d) = -165*d**2 - d + 3. Give z(1).
-163
Let a(t) = -27*t + 149. Determine a(2).
95
Let p(y) = -y**3 + 26*y**2 + 52*y + 118. Determine p(28).
6
Let c(v) = -19815*v - 158510. What is c(-8)?
10
Let n(q) = q**3 + 30*q**2 - 302*q + 38. Determine n(-38).
-38
Let u(x) = 4*x**2 + 37*x - 202. Determine u(-14).
64
Let q(o) = 103*o**3 - 4*o**2 + 3*o - 1. Determine q(1).
101
Let m(y) = -60*y**2 - 9*y + 7. What is m(1)?
-62
Let i(b) = 562*b - 2193. What is i(4)?
55
Let k(s) = -2*s**2 - 83*s + 33. Give k(-42).
-9
Let l(h) = 573*h + 1156. Determine l(-2).
10
Let m(z) = -93*z - 18. Calculate m(-3).
261
Let d(n) = -5*n**2 - 52*n - 41. Determine d(-1).
6
Let j(g) = 8*g**2 + 160*g + 599. Give j(-5).
-1
Let d(o) = -2*o**3 + 13*o**2 - 31*o + 134. Determine d(6).
-16
Let v(q) = -4*q**3 + 14*q**2 + 10*q - 95. Give v(5).
-195
Let k(h) = -5*h**2 - 78*h + 38. What is k(-15)?
83
Let k(y) = 161*y + 782. What is k(-5)?
-23
Let u(a) = -a**2 - 2*a - 8. Give u(9).
-107
Let a(f) = -f**2 - 119*f + 10981. Give a(-180).
1
Let s(b) = -185*b + 1466. What is s(8)?
-14
Let y(u) = u**3 - 4*u**2 - 761*u + 3745. What is y(5)?
-35
Let q(l) = 1161*l + 1044. Calculate q(-1).
-117
Let n(c) = 5*c + 235. Give n(16).
315
Let t(c) = c**3 - 26*c**2 + 128*c + 133. Calculate t(19).
38
Let q(s) = 15*s**3 + 5*s**2 - 4*s - 1. Determine q(2).
131
Let j(q) = -q**2 - 54*q - 425. Give j(-44).
15
Let a(o) = -5*o**2 + 2889*o + 5783. Calculate a(-2).
-15
Let l(i) = -13*i**3 + 4*i**2 + 29*i + 52. Give l(-2).
114
Let c(u) = -3*u**3 + 42*u**2 + 40*u - 16. What is c(15)?
-91
Let n(l) = -117*l - 11009. Determine n(-94).
-11
Let l(h) = -12*h**2 - 6*h + 66. Give l(5).
-264
Let q(l) = 104*l - 6619. Calculate q(64).
37
Let o(c) = c**3 + 19*c**2 + 27*c + 247. Calculate o(-16).
583
Let z(t) = -33*t - 610. Give z(-19).
17
Let p(f) = -795*f + 5. What is p(0)?
5
Let h(k) = 6*k**3 - 72*k**2 + 41*k - 348. Calculate h(12).
144
Let u(l) = 100*l + 1163. Give u(-11).
63
Let c(l) = -141*l**3 + l - 2. Determine c(1).
-142
Let d(r) = -r**3 - 32*r**2 - 31*r + 26. Calculate d(-31).
26
Let s(c) = -31*c - 367. Give s(-11).
-26
Let l(z) = 501*z - 470. What is l(1)?
31
Let a(x) = -x**3 - 18*x**2 - 122*x - 284. Give a(-5).
1
Let r(m) = -33*m + 135. Determine r(5).
-30
Let t(y) = 5*y**3 + 32*y**2 + 10*y + 14. What is t(-6)?
26
Let f(d) = -d**3 - 11*d**2 - 27*d - 286. Give f(-11).
11
Let z(w) = -218*w + 3732. Give z(17).
26
Let c(a) = -a**2 - 126*a - 1266. Determine c(-11).
-1
Let v(y) = -2*y**2 + 59*y + 220. Calculate v(29).
249
Let d(r) = 4*r**2 - 12*r - 20. Give d(13).
500
Let s(c) = c**3 + 18*c**2 - 17*c + 32. Determine s(-19).
-6
Let i(g) = 1611*g - 4823. Give i(3).
10
Let z(h) = -92*h - 1828. Give z(-20).
12
Let y(q) = 537*q + 17772. Determine y(-33).
51
Let p(n) = -n**3 - 12*n**2 + 80*n + 993. Calculate p(-11).
-8
Let y(m) = -3*m**2 + 11*m + 3436. Calculate y(-32).
12
Let f(s) = s**2 - 59*s + 261. Give f(5).
-9
Let u(i) = i**3 - 18*i**2 + 54*i + 47. Determine u(14).
19
Let t(a) = 130*a**2 - 8*a - 11. Give t(-1).
127
Let y(t) = 312*t + 4913. Calculate y(-16).
-79
Let u(w) = -w**3 - 41*w**2 + 84*w + 176. Calculate u(-43).
262
Let t(x) = -2*x**3 + 24*x**2 + 19*x + 94. Give t(13).
3
Let y(x) = -x**2 - 97*x + 1816. Give y(16).
8
Let a(z) = -22*z**2 - 7*z - 125. Determine a(-6).
-875
Let j(z) = 2905*z - 20330. Give j(7).
5
Let y(g) = -g**3 + 77*g**2 - 153*g + 243. Give y(75).
18
Let g(n) = 356*n - 988. Determine g(3).
80
Let o(f) = 77*f - 17. What is o(0)?
-17
Let k(p) = 2*p**2 + 137*p - 416. Determine k(3).
13
Let z(d) = -353*d - 10273. Determine z(-29).
-36
Let u(i) = 163*i + 2141. Calculate u(-13).
22
Let u(g) = -g**3 + 45*g**2 + 692*g - 443. Give u(57).
13
Let r(t) = 5*t**2 - 6*t - 149. Give r(-5).
6
Let m(x) = x**2 - 29*x - 86. Calculate m(32).
10
Let r(t) = -t**3 - 157*t**2 - 305*t + 800. Give r(-155).
25
Let g(w) = w**3 - 8*w**2 + 16*w - 5. What is g(5)?
0
Let b(c) = c**2 - 89*c + 516. Give b(6).
18
Let h(q) = -q**3 - 77*q**2 + 80*q + 161. Calculate h(-78).
5
Let p(f) = -4*f**3 - 322*f**2 + 141*f - 1708. Give p(-81).
-7
Let d(c) = -9*c**2 + 42*c + 136. What is d(-3)?
-71
Let c(r) = 18*r**2 - 531*r + 262. Determine c(29).
1
Let u(p) = -8*p**2 - 22*p - 3. What is u(-5)?
-93
Let g(t) = 2*t**2 + 32*t + 47. Give g(-14).
-9
Let w(m) = -71*m - 2507. Determine w(-35).
-22
Let r(v) = v**3 + 115*v**2 + 118*v + 466. What is r(-114)?
10
Let i(s) = 5*s - 331. Determine i(9).
-286
Let o(y) = 24*y + 113. What is o(-26)?
-511
Let l(g) = g**2 - 473*g - 5318. Give l(-11).
6
Let m(l) = -l**2 - 153*l - 3732. Give m(-123).
-42
Let n(i) = -i**2 - 21*i - 96. Calculate n(-25).
-196
Let h(p) = p**2 - 123*p - 763. Determine h(-6).
11
Let n(w) = w - 37. Determine n(-57).
-94
Let o(q) = q**3 - 8*q**2 - 16*q + 74. Give o(8).
-54
Let q(w) = -186*w - 29023. Give q(-156).
-7
Let n(v) = 12*v + 347. Calculate n(-50).
-253
Let z(w) = -2*w**3 + 10*w**2 - 12*w + 8. Calculate z(6).
-136
Let t(u) = -29*u**2 - 77*u + 3257. Determine t(-12).
5
Let m(y) = -3*y**3 - 5*y**2 + 308*y + 11. Determine m(-11).
11
Let v(o) = -74*o**2 + 11. Give v(2).
-285
Let n(y) = y**3 + 29*y**2 + 69*y - 1. Calculate n(-27).
-406
Let g(r) = r**3 + 46*r**2 - 51*r - 171. Give g(-47).
17
Let a(k) = k**2 + 55*k + 703. What is a(-34)?
-11
Let l(u) = u**3 + 6*u**2 + 11*u - 6. What is l(-4)?
-18
Let b(t) = 4*t**2 - 267*t + 1250. Give b(5).
15
Let p(z) = 7*z**2 + 34*z + 4. Give p(-5).
9
Let l(g) = -16*g + 452. Give l(30).
-28
Let i(o) = -2*o**2 - 1625*o + 16450. Give i(10).
0
Let s(c) = -6*c + 58. Calculate s(-14).
142
Let m(r) = -802*r + 7218. Give m(9).
0
Let r(l) = 122*l - 2809. Give r(23).
-3
Let s(a) = 477*a - 4291. Give s(9).
2
Let l(b) = 2*b + 131. What is l(-35)?
61
Let z(a) = -27*a**2 - 17*a + 49. Calculate z(3).
-245
Let z(l) = -l**2 - 44*l + 520. Determine z(10).
-20
Let u(n) = 26*n**2 + 780*n + 4570. Determine u(-22).
-6
Let b(d) = -76*d**2 - 9*d - 18. What is b(3)?
-729
Let k(z) = 230*z + 128. Determine k(-1).
-102
Let q(y) = 5*y**2 - 72*y - 225. Determine q(-3).
36
Let h(k) = -446*k + 2671. What is h(6)?
-5
Let f(r) = -r**3 + 34*r**2 - 8*r + 269. Determine f(34).
-3
Let b(t) = t**3 + 5*t**2 + 217*t + 1622. Calculate b(-7).
5
Let y(s) = 16*s + 823. Calculate y(-50).
23
Let i(d) = -d**3 + 100*d**2 - 7*d + 698. Calculate i(100).
-2
Let m(z) = -z**3 - 22*z**2 + 320*z - 7. Give m(-32).
-7
Let c(h) = -54*h**2 + 55*h + 165. Calculate c(-3).
-486
Let t(r) = 7*r**3 - 77*r**2 - 97*r + 156. Determine t(12).
0
Let w(y) = -y**3 + 10*y**2 + 8*y - 24. Determine w(9).
129
Let d(p) = -2*p**2 + 7*p + 27. What is d(5)?
12
Let l(y) = -843*y + 4220. Determine l(5).
5
Let i(p) = p**3 + 9*p**2 + 18*p - 5. Calculate i(-5).
5
Let u(t) = -18*t + 244. What is u(-8)?
388
Let t(i) = -9*i**2 - 512*i - 2284. Calculate t(-52).
4
Let q(w) = -2*w**2 - 148*w + 367. Give q(-76).
63
Let g(b) = -309*b - 19762. What is g(-64)?
14
Let c(i) = -2472*i - 29666. What is c(-12)?
-2
Let o(n) = 36*n**3 + 1009*n**2 + 34*n + 158. Determine o(-28).
-10
Let c(k) = k**3 + 13*k**2 - 9*k - 39. Determine c(-13).
78
Let r(t) = 4*t**3 + 305*t**2 + 953*t + 291. Give r(-73).
-1
Let s(t) = -22*t + 1171. Calculate s(54).
-17
Let n(m) = -13*m + 388. Determine n(9).
271
Let v(n) = n**2 - 31*n + 153. What is v(25)?
3
Let n(t) = 9*t**2 + 584*t - 143. Calculate n(-65).
-78
Let u(g) = 2*g**3 - 34*g**2 + 131*g + 2. What is u(11)?
-9
Let u(b) = -b**3 - 5*b**2 - 11*b - 27. Determine u(-4).
1
Let o(d) = d**2 - 693*d - 1391. Give o(-2).
-1
Let p(q) = -q**2 + 89*q - 1816. Calculate p(32).
8
Let t(q) = 17*q**2 + 370*q - 10. Give t(-22).
78
Let s(o) = -2*o**3 - 17*o**2 + 23*o + 113. Determine s(-9).
-13
Let y(r) = 3*r**2 - 64*r - 3. Calculate y(22).
41
Let h(x) = 198*x + 5. Calculate h(-1).
-193
Let m(u) = -3*u**3 - 80*u**2 + 112*u + 5. Calculate m(-28).
5
Let k(h) = 95*h - 1717. Give k(17).
-102
Let h(d) = -d**3 + 69*d**2 - 2*d + 133. Determine h(69).
-5
Let d(z) = -z**3 - 14*z**2 - 22*z + 88. What is d(-13)?
205
Let d(w) = -30*w**2 - 12*w - 16. Determine d(-1).
-34
Let n(g) = 5*g**3 + 126*g**2 + 14*g - 275. Give n(-25).
0
Let o(q) = q**2 + 23*q + 15. What is o(-9)?
-111
Let g(f) = 75*f + 17. Determine g(1).
92
Let p(j) = -45*